{"id":387,"date":"2023-02-13T21:30:09","date_gmt":"2023-02-13T20:30:09","guid":{"rendered":"http:\/\/www.annamiamarks.eu\/annamiamarks.eu\/?page_id=387"},"modified":"2023-02-13T21:42:57","modified_gmt":"2023-02-13T20:42:57","slug":"association-kotahitanga","status":"publish","type":"page","link":"https:\/\/www.annamiamarks.eu\/annamiamarks.eu\/association-kotahitanga\/","title":{"rendered":"Association Kotahitanga"},"content":{"rendered":"\n<p><\/p>\n\n\n\n<p>L&#8217;association Kotahitanga est cr\u00e9e en janvier 2023.<\/p>\n\n\n\n<p>Kotahitanga, c&#8217;est le mot pour l&#8217;Unit\u00e9 dans la langue des Maori&#8217;s.<\/p>\n\n\n\n<p>L&#8217;association a comme but :<br>Promouvoir le respect du cheval dans son essence la plus profonde ainsi que son<br>bien-\u00ebtre afin d&#8217;apporter aux humains ses capacit\u00e9s th\u00e9rapeutiques<br>Organiser des ateliers et faciliter des s\u00e9ances de d\u00e9veloppement personnel avec<br>l&#8217;aide des chevaux, sous diff\u00e9rentes formes<br>Partager et \u00e9changer, les acquis, les exp\u00e9riences des th\u00e9rapies \u00e9quines et<br>d\u00e9veloppement personnel avec l&#8217;aide des chevaux<br>Formations et initiations de personnes pour des s\u00e9ances de d\u00e9veloppement<br>personnel avec l&#8217;aide des chevaux<br>Garantir le bien-\u00ebtre des chevaux adopt\u00e9s par l&#8217;association et participer \u00e0<br>l&#8217;ensemble des frais mat\u00e9riels et immat\u00e9riels pour garantir leur bonne sant\u00e9, leur<br>bien-\u00e8tre et leur nourriture<br>La liste des chevaux adopt\u00e9s sera vot\u00e9e dans l&#8217;assembl\u00e9e g\u00e9n\u00e9rale et si besoin<br>seront d\u00e9cid\u00e9s les d\u00e9placements des chevaux dans des pr\u00e9s diff\u00e9rents afin d&#8217;assurer<br>leurs besoins essentiels<\/p>\n\n\n\n<p><\/p>\n","protected":false},"excerpt":{"rendered":"<p>L&#8217;association Kotahitanga est cr\u00e9e en janvier 2023. Kotahitanga, c&#8217;est le mot pour l&#8217;Unit\u00e9 dans la langue des Maori&#8217;s. L&#8217;association a comme but :Promouvoir le respect du cheval dans son essence la plus profonde ainsi que sonbien-\u00ebtre afin d&#8217;apporter aux humains &hellip; <a href=\"https:\/\/www.annamiamarks.eu\/annamiamarks.eu\/association-kotahitanga\/\">Lees verder <span class=\"meta-nav\">&rarr;<\/span><\/a><\/p>\n","protected":false},"author":1,"featured_media":0,"parent":0,"menu_order":0,"comment_status":"closed","ping_status":"closed","template":"","meta":{"footnotes":""},"class_list":["post-387","page","type-page","status-publish","hentry"],"yoast_head":"<!-- This site is optimized with the Yoast SEO plugin v27.0 - https:\/\/yoast.com\/product\/yoast-seo-wordpress\/ -->\n<title>Association Kotahitanga - Anna-Mia Marks - \u00c9nerg\u00e9ticienne en Dordogne<\/title>\n<meta name=\"robots\" content=\"index, follow, max-snippet:-1, max-image-preview:large, max-video-preview:-1\" \/>\n<link rel=\"canonical\" href=\"https:\/\/www.annamiamarks.eu\/annamiamarks.eu\/association-kotahitanga\/\" \/>\n<meta property=\"og:locale\" content=\"nl_NL\" \/>\n<meta property=\"og:type\" content=\"article\" \/>\n<meta property=\"og:title\" content=\"Association Kotahitanga - Anna-Mia Marks - \u00c9nerg\u00e9ticienne en Dordogne\" \/>\n<meta property=\"og:description\" content=\"L&#8217;association Kotahitanga est cr\u00e9e en janvier 2023. Kotahitanga, c&#8217;est le mot pour l&#8217;Unit\u00e9 dans la langue des Maori&#8217;s. L&#8217;association a comme but :Promouvoir le respect du cheval dans son essence la plus profonde ainsi que sonbien-\u00ebtre afin d&#8217;apporter aux humains &hellip; Lees verder &rarr;\" \/>\n<meta property=\"og:url\" content=\"https:\/\/www.annamiamarks.eu\/annamiamarks.eu\/association-kotahitanga\/\" \/>\n<meta property=\"og:site_name\" content=\"Anna-Mia Marks - \u00c9nerg\u00e9ticienne en Dordogne\" \/>\n<meta property=\"article:modified_time\" content=\"2023-02-13T20:42:57+00:00\" \/>\n<meta name=\"twitter:card\" content=\"summary_large_image\" \/>\n<meta name=\"twitter:label1\" content=\"Geschatte leestijd\" \/>\n\t<meta name=\"twitter:data1\" content=\"1 minuut\" \/>\n<script type=\"application\/ld+json\" class=\"yoast-schema-graph\">{\"@context\":\"https:\/\/schema.org\",\"@graph\":[{\"@type\":\"WebPage\",\"@id\":\"https:\/\/www.annamiamarks.eu\/annamiamarks.eu\/association-kotahitanga\/\",\"url\":\"https:\/\/www.annamiamarks.eu\/annamiamarks.eu\/association-kotahitanga\/\",\"name\":\"Association Kotahitanga - Anna-Mia Marks - \u00c9nerg\u00e9ticienne en Dordogne\",\"isPartOf\":{\"@id\":\"https:\/\/www.annamiamarks.eu\/annamiamarks.eu\/#website\"},\"datePublished\":\"2023-02-13T20:30:09+00:00\",\"dateModified\":\"2023-02-13T20:42:57+00:00\",\"breadcrumb\":{\"@id\":\"https:\/\/www.annamiamarks.eu\/annamiamarks.eu\/association-kotahitanga\/#breadcrumb\"},\"inLanguage\":\"nl-NL\",\"potentialAction\":[{\"@type\":\"ReadAction\",\"target\":[\"https:\/\/www.annamiamarks.eu\/annamiamarks.eu\/association-kotahitanga\/\"]}]},{\"@type\":\"BreadcrumbList\",\"@id\":\"https:\/\/www.annamiamarks.eu\/annamiamarks.eu\/association-kotahitanga\/#breadcrumb\",\"itemListElement\":[{\"@type\":\"ListItem\",\"position\":1,\"name\":\"Home\",\"item\":\"https:\/\/www.annamiamarks.eu\/annamiamarks.eu\/\"},{\"@type\":\"ListItem\",\"position\":2,\"name\":\"Association Kotahitanga\"}]},{\"@type\":\"WebSite\",\"@id\":\"https:\/\/www.annamiamarks.eu\/annamiamarks.eu\/#website\",\"url\":\"https:\/\/www.annamiamarks.eu\/annamiamarks.eu\/\",\"name\":\"Anna-Mia Marks - \u00c9nerg\u00e9ticienne en Dordogne\",\"description\":\"soins \u00e9nerg\u00e9tique\",\"publisher\":{\"@id\":\"https:\/\/www.annamiamarks.eu\/annamiamarks.eu\/#\/schema\/person\/755dc4a1ca96984f380cc82865ef8e85\"},\"potentialAction\":[{\"@type\":\"SearchAction\",\"target\":{\"@type\":\"EntryPoint\",\"urlTemplate\":\"https:\/\/www.annamiamarks.eu\/annamiamarks.eu\/?s={search_term_string}\"},\"query-input\":{\"@type\":\"PropertyValueSpecification\",\"valueRequired\":true,\"valueName\":\"search_term_string\"}}],\"inLanguage\":\"nl-NL\"},{\"@type\":[\"Person\",\"Organization\"],\"@id\":\"https:\/\/www.annamiamarks.eu\/annamiamarks.eu\/#\/schema\/person\/755dc4a1ca96984f380cc82865ef8e85\",\"name\":\"AMBMarks\",\"image\":{\"@type\":\"ImageObject\",\"inLanguage\":\"nl-NL\",\"@id\":\"https:\/\/www.annamiamarks.eu\/annamiamarks.eu\/#\/schema\/person\/image\/\",\"url\":\"https:\/\/secure.gravatar.com\/avatar\/24fcb900c734e08fbbe8c9369b8672d9384edcd4131bc12870c92330cbe55db8?s=96&d=mm&r=g\",\"contentUrl\":\"https:\/\/secure.gravatar.com\/avatar\/24fcb900c734e08fbbe8c9369b8672d9384edcd4131bc12870c92330cbe55db8?s=96&d=mm&r=g\",\"caption\":\"AMBMarks\"},\"logo\":{\"@id\":\"https:\/\/www.annamiamarks.eu\/annamiamarks.eu\/#\/schema\/person\/image\/\"}}]}<\/script>\n<!-- \/ Yoast SEO plugin. -->","yoast_head_json":{"title":"Association Kotahitanga - Anna-Mia Marks - \u00c9nerg\u00e9ticienne en Dordogne","robots":{"index":"index","follow":"follow","max-snippet":"max-snippet:-1","max-image-preview":"max-image-preview:large","max-video-preview":"max-video-preview:-1"},"canonical":"https:\/\/www.annamiamarks.eu\/annamiamarks.eu\/association-kotahitanga\/","og_locale":"nl_NL","og_type":"article","og_title":"Association Kotahitanga - Anna-Mia Marks - \u00c9nerg\u00e9ticienne en Dordogne","og_description":"L&#8217;association Kotahitanga est cr\u00e9e en janvier 2023. Kotahitanga, c&#8217;est le mot pour l&#8217;Unit\u00e9 dans la langue des Maori&#8217;s. L&#8217;association a comme but :Promouvoir le respect du cheval dans son essence la plus profonde ainsi que sonbien-\u00ebtre afin d&#8217;apporter aux humains &hellip; Lees verder &rarr;","og_url":"https:\/\/www.annamiamarks.eu\/annamiamarks.eu\/association-kotahitanga\/","og_site_name":"Anna-Mia Marks - \u00c9nerg\u00e9ticienne en Dordogne","article_modified_time":"2023-02-13T20:42:57+00:00","twitter_card":"summary_large_image","twitter_misc":{"Geschatte leestijd":"1 minuut"},"schema":{"@context":"https:\/\/schema.org","@graph":[{"@type":"WebPage","@id":"https:\/\/www.annamiamarks.eu\/annamiamarks.eu\/association-kotahitanga\/","url":"https:\/\/www.annamiamarks.eu\/annamiamarks.eu\/association-kotahitanga\/","name":"Association Kotahitanga - Anna-Mia Marks - \u00c9nerg\u00e9ticienne en Dordogne","isPartOf":{"@id":"https:\/\/www.annamiamarks.eu\/annamiamarks.eu\/#website"},"datePublished":"2023-02-13T20:30:09+00:00","dateModified":"2023-02-13T20:42:57+00:00","breadcrumb":{"@id":"https:\/\/www.annamiamarks.eu\/annamiamarks.eu\/association-kotahitanga\/#breadcrumb"},"inLanguage":"nl-NL","potentialAction":[{"@type":"ReadAction","target":["https:\/\/www.annamiamarks.eu\/annamiamarks.eu\/association-kotahitanga\/"]}]},{"@type":"BreadcrumbList","@id":"https:\/\/www.annamiamarks.eu\/annamiamarks.eu\/association-kotahitanga\/#breadcrumb","itemListElement":[{"@type":"ListItem","position":1,"name":"Home","item":"https:\/\/www.annamiamarks.eu\/annamiamarks.eu\/"},{"@type":"ListItem","position":2,"name":"Association Kotahitanga"}]},{"@type":"WebSite","@id":"https:\/\/www.annamiamarks.eu\/annamiamarks.eu\/#website","url":"https:\/\/www.annamiamarks.eu\/annamiamarks.eu\/","name":"Anna-Mia Marks - \u00c9nerg\u00e9ticienne en Dordogne","description":"soins \u00e9nerg\u00e9tique","publisher":{"@id":"https:\/\/www.annamiamarks.eu\/annamiamarks.eu\/#\/schema\/person\/755dc4a1ca96984f380cc82865ef8e85"},"potentialAction":[{"@type":"SearchAction","target":{"@type":"EntryPoint","urlTemplate":"https:\/\/www.annamiamarks.eu\/annamiamarks.eu\/?s={search_term_string}"},"query-input":{"@type":"PropertyValueSpecification","valueRequired":true,"valueName":"search_term_string"}}],"inLanguage":"nl-NL"},{"@type":["Person","Organization"],"@id":"https:\/\/www.annamiamarks.eu\/annamiamarks.eu\/#\/schema\/person\/755dc4a1ca96984f380cc82865ef8e85","name":"AMBMarks","image":{"@type":"ImageObject","inLanguage":"nl-NL","@id":"https:\/\/www.annamiamarks.eu\/annamiamarks.eu\/#\/schema\/person\/image\/","url":"https:\/\/secure.gravatar.com\/avatar\/24fcb900c734e08fbbe8c9369b8672d9384edcd4131bc12870c92330cbe55db8?s=96&d=mm&r=g","contentUrl":"https:\/\/secure.gravatar.com\/avatar\/24fcb900c734e08fbbe8c9369b8672d9384edcd4131bc12870c92330cbe55db8?s=96&d=mm&r=g","caption":"AMBMarks"},"logo":{"@id":"https:\/\/www.annamiamarks.eu\/annamiamarks.eu\/#\/schema\/person\/image\/"}}]}},"_links":{"self":[{"href":"https:\/\/www.annamiamarks.eu\/annamiamarks.eu\/wp-json\/wp\/v2\/pages\/387","targetHints":{"allow":["GET"]}}],"collection":[{"href":"https:\/\/www.annamiamarks.eu\/annamiamarks.eu\/wp-json\/wp\/v2\/pages"}],"about":[{"href":"https:\/\/www.annamiamarks.eu\/annamiamarks.eu\/wp-json\/wp\/v2\/types\/page"}],"author":[{"embeddable":true,"href":"https:\/\/www.annamiamarks.eu\/annamiamarks.eu\/wp-json\/wp\/v2\/users\/1"}],"replies":[{"embeddable":true,"href":"https:\/\/www.annamiamarks.eu\/annamiamarks.eu\/wp-json\/wp\/v2\/comments?post=387"}],"version-history":[{"count":3,"href":"https:\/\/www.annamiamarks.eu\/annamiamarks.eu\/wp-json\/wp\/v2\/pages\/387\/revisions"}],"predecessor-version":[{"id":394,"href":"https:\/\/www.annamiamarks.eu\/annamiamarks.eu\/wp-json\/wp\/v2\/pages\/387\/revisions\/394"}],"wp:attachment":[{"href":"https:\/\/www.annamiamarks.eu\/annamiamarks.eu\/wp-json\/wp\/v2\/media?parent=387"}],"curies":[{"name":"wp","href":"https:\/\/api.w.org\/{rel}","templated":true}]}}